culate r(b).
-2
Let d(r) = -5. Let s(h) = 9. Let w(o) = 11*d(o) + 6*s(o). Let y(m) = -m**3 - 2*m**2 - 8. Let c(v) = -6*w(v) + y(v). Determine c(-2).
-2
Let m(h) be the first derivative of h**4/4 - 2*h**3 + 2*h**2 + 4*h - 71. Calculate m(5).
-1
Suppose 14*p + 28 = 18*p. Suppose p*a - 8*a + 6 = 0. Let y(w) = 3*w**3 + a*w**2 + 8*w - 6*w**3 - 5 + 2*w**3. What is y(7)?
2
Let q(f) = f + 2. Let h(w) = 6*w**3 + 1. Let k be h(1). Let p(x) = -2*x + 10. Let b be p(k). Determine q(b).
-2
Let l be 225/(4 + 1) - 3. Suppose -l = -2*q - 4*q. Let i(s) be the second derivative of -s**5/20 + 7*s**4/12 - s**3/6 - s**2/2 + 2*s. Calculate i(q).
-8
Let f(j) = 4*j + 4. Suppose 4*i - 37 = -5*w, -5*i + i - 3*w = -35. Give f(i).
36
Let j(s) be the first derivative of -5 - 1/2*s**2 + 2*s. Determine j(1).
1
Let h(v) = 4*v**3 + 6*v**2 - v + 6. Let b(z) = -z**3 - 1. Let n(i) = -3*b(i) - h(i). Suppose 25 = -5*u - s, -20 = -2*s - 2*s. What is n(u)?
-9
Let c(g) be the second derivative of -g**7/840 - g**6/120 - g**5/40 - g**4/6 - 8*g**3/3 + 35*g. Let x(v) be the second derivative of c(v). Give x(-3).
5
Let j(y) = y - 17. Let h(d) = -2*d - 46. Let z(a) = 3*a + 45. Let v(x) = 6*h(x) + 5*z(x). Let i(u) = -17*j(u) + 6*v(u). Calculate i(12).
-5
Let g(n) = n**2 + 6*n. Let v be g(-7). Let z(j) = -j**3 + 6*j**2 + 9*j - 9. Determine z(v).
5
Let v(m) = m**2 + m + 2. Let c(x) = -x + 8. Let w be c(-8). Let q = 21 - 39. Let u = q + w. Determine v(u).
4
Let q(o) be the first derivative of o**4/4 + o**3 + o**2/2 + 1. Let b be -1 + 30/(-24) + 2/8. Determine q(b).
2
Suppose -7 - 2 = -3*d. Let b(u) = -5*u**d + u**3 + 0 - 1. Suppose 7 = 2*m - 4*m - g, -g - 5 = 0. Determine b(m).
3
Let u(v) be the third derivative of v**5/60 - 11*v**4/24 - 5*v**3/6 + 3*v**2. Let k be u(11). Let r(y) = -3 - 5 - y + 5. What is r(k)?
2
Let p be (-1)/2*(2 - 4). Let g(d) = -4*d. Give g(p).
-4
Let v(q) = q**2 + q + 1. Suppose -4*w + 24 = -w. Let f(k) = -2*k - 6. Let d be f(-4). Suppose -6*y - w = -d*y. Calculate v(y).
3
Let f(g) = g - 2*g + 4*g - 1. Suppose -27*b + 1 = -24*b - 2*i, -b + 2*i + 3 = 0. Calculate f(b).
-4
Let u = 18 + 81. Let l be u/(-55) - 1/5. Let j(i) = -i**3 + i**2 - i. Determine j(l).
14
Let a(o) = -2*o - 4*o**2 - o + 5*o**2. Let r = -2 - -5. What is a(r)?
0
Let u(f) = -f**2 - 31*f - 31. Let w be u(-30). Let l(z) = -1 - 1 + 8*z + 3. What is l(w)?
-7
Let s(l) = 92*l**2 + 460*l - 2. Let a be s(-5). Let t(z) be the second derivative of 0*z**3 + z**2 - 1/4*z**4 - 3*z + 0. Determine t(a).
-10
Let r(a) be the first derivative of -a**5/60 + a**4/24 + a**3/2 - a**2/2 + 6. Let h(v) be the second derivative of r(v). Calculate h(5).
-17
Suppose -l + 56 = 3*l. Let x(n) = 2 - 4 - l*n + 12*n. What is x(5)?
-12
Let p(c) = c**3 + 12*c**2 - 11*c + 8. Let k be p(-13). Let f(o) = o**3 + 17*o**2 - 17*o + 9. What is f(k)?
-9
Let p(q) be the first derivative of -2*q**3/3 + 18*q**2 - 30*q + 47. Give p(17).
4
Let p(s) = 5*s**2 - 4*s - 28. Let n(l) = 6*l**2 - 3*l - 36. Let d(w) = -3*n(w) + 4*p(w). What is d(-3)?
35
Let d(v) be the third derivative of v**5/30 + v**4/6 + 5*v**3/6 - 509*v**2. Determine d(-3).
11
Let v(x) = -x**3 - x + 2. Suppose 4*c + 2 = -22. Let f(t) = 0*t**2 - t**2 - 6 - 5*t - 2*t. Let p be f(c). What is v(p)?
2
Let o(l) be the first derivative of 4/3*l**3 - 19 + l + 1/4*l**4 + 1/2*l**2. What is o(-4)?
-3
Let m(x) = -7*x**2 + 2*x - 4. Let l(o) = 10*o**2 - o + 5. Let y(j) = 2*l(j) + 3*m(j). What is y(4)?
-2
Let r(b) = -34 - 32 - 31 + 143 + 10*b - 40. What is r(-5)?
-44
Suppose -2*y - 12 = -12. Suppose 5*l - 9*l = y. Let v(p) = -p**3 + p**2 - 1. Calculate v(l).
-1
Let w(r) = 5*r. Let c = 1 - -5. Suppose -z = -c*z. Suppose 4*d - 4 = -2*q, -3*d = -z*d - 3*q + 15. Determine w(d).
-5
Let z(p) = -p**3 + p**2 - p - 2. Let o(v) = -v**3 + 15*v**2 - 2*v + 22. Let b be o(15). Let h = -9 - b. Let i(q) = -q**2 - q. Let d be i(h). Give z(d).
-2
Let w(o) = -6*o - 4. Let f(n) = -5*n - 4. Let t(d) = -5*f(d) + 4*w(d). Let x be 5/30 - 1/((-6)/41). Suppose 0 = -5*j - 18 - x. Determine t(j).
-1
Suppose -2*a - 2*a = -36. Suppose -6*m + a*m = -6. Let i(o) be the second derivative of -o**5/20 - o**4/4 - o**3/6 + o**2 + 3*o. Give i(m).
0
Let q(o) = -o**2 + 9*o + 14. Suppose 5*z = v - 485, -2*z - 2*z + 5*v = 388. Let a = z - -107. Give q(a).
4
Let c be 32/(-6) - 1/(-3). Suppose 2*x = 2*r + 8, 3*x + 2*r - 27 = -0*x. Let w(o) = o - 6*o**3 + 4*o - 5 + x*o**3 + 6*o**2. Determine w(c).
-5
Let l(m) be the third derivative of -m**6/120 + m**5/20 + m**4/8 + m**3/2 - 99*m**2. Suppose 1 = 4*g - 5*w, 2*g - w + 0*w = 5. Give l(g).
-1
Let m(q) = -2*q. Let f(k) = 7*k. Let x be ((-26)/14 - -1)*-7. Let r(s) = x*f(s) + 22*m(s). Suppose -11*j - 14*j = -50. Give r(j).
-4
Let t(x) = 7*x**2 - 11*x + 20. Let f(k) = -6*k**2 + 13*k - 18. Let a(d) = 5*f(d) + 4*t(d). Give a(10).
0
Let r be (-2)/12*3*2. Let m(z) = z**3 + 1. Let q(u) = -2*u**3 - u + 2. Let s(j) = -3*m(j) + q(j). Give s(r).
5
Let z(x) = 2*x - 4*x + 3*x. Suppose -4 = 5*h - 9. Let w be (1 - 3)*2/h. Calculate z(w).
-4
Let k(s) = 6*s - 3. Let v(t) = 3*t - 1. Let n be v(1). Let x(o) = n*o + 2*o + 1 - 3. Let u(w) = 5*k(w) - 7*x(w). Give u(1).
1
Suppose 3*s + 755 - 773 = 0. Let g(w) = w**2 - 3*w + 2. Determine g(s).
20
Let u(z) = 19*z**2 - 19*z - 11. Let t(b) = -9*b**2 + 9*b + 5. Let i(g) = 13*t(g) + 6*u(g). Suppose -6 = -p - 4. Suppose -4 = -0*d - p*d. Give i(d).
-7
Let c(n) = -5*n**2 + 3*n**2 - n + 3 + n**2. Suppose 3*j = 2*q - 22, 3*j - 8 = -6*q + 2*q. Give c(j).
-9
Let z(s) = s**3 + 3*s**2 - 2*s - 8. Let y be 34/(-9) - 106/477. What is z(y)?
-16
Let h(r) = -1 + 2 - 13*r + 12*r. Let w(f) = -f + 6. Let d(o) = -3*h(o) + w(o). Let q = -19 + 14. Calculate d(q).
-7
Let t be 3/(99/(-6)) - 1472/253. Let f(s) = -3*s + 8. What is f(t)?
26
Let i(m) = m**3 - 3*m**2 + 3*m + 3. Let x = 54 - 52. Let v be (-3)/x*2*3/(-3). What is i(v)?
12
Suppose 0*j = j, j + 42 = 3*l. Let w be (3 - l/6)/((-1)/6). Let x(h) be the first derivative of h**4/4 + 4*h**3/3 - h**2/2 - h - 1. Determine x(w).
3
Let t(j) = -454*j**2 + 2 + 453*j**2 + 0*j**3 - 3*j**3 - 3*j. Give t(2).
-32
Let r(k) = -k**3 + 6*k**2 - 2*k - 2. Let l be 0 + 66*(-3)/(-27)*3. Suppose 3*m - l = -4. Calculate r(m).
-14
Let y(q) = -q**2 - 4*q - 3. Let j(x) = x**3 + x**2 - 2*x + 5. Let k be j(-4). Let g = -37 - k. Calculate y(g).
1
Suppose 2*u + 11 - 15 = 0. Let y(a) = -u*a**3 - 8*a**2 + a - 10*a**2 + 13*a**2 + a**2. Calculate y(-3).
15
Suppose 4*u - 13*u = 72. Let o(t) = 2*t + 15. Let z be o(u). Let b(f) = 3*f**2 + 2*f + 1. Give b(z).
2
Let g be ((-6)/3 + 1)/((-2)/14). Let c(z) = -z**3 + 7*z**2 + 4*z - 1. Determine c(g).
27
Let w(t) = 18*t**3 + t - 1. Let j(r) be the second derivative of r**5/20 - r**4/12 + 2*r**3/3 - 3*r**2/2 - 18*r. Let k be j(1). What is w(k)?
18
Let l(i) = -2*i**3 - 10*i**2 - 11*i - 4. Let f(v) = 3*v**3 + 20*v**2 + 22*v + 7. Let b(o) = -3*f(o) - 5*l(o). Determine b(11).
-1
Suppose -5*b = -3*d - 34, b - 2*d - 2 - 9 = 0. Let v be 13/b - 3/5. Let o(h) = v*h - 1 + 2 - h. Determine o(0).
1
Let l(i) = -i + 12 + 0*i**3 - 14 + i**2 + i**3. Determine l(-2).
-4
Let a(m) = -6*m**2 - 27*m + 19. Let l(w) = -5*w**2 - 25*w + 20. Let p(c) = -6*a(c) + 7*l(c). Determine p(11).
4
Let y be (-2)/10*4*-35. Let b = 28 - y. Let j(t) = t**3 + t + 14. Give j(b).
14
Let m(p) be the first derivative of -9/2*p**2 + 1/3*p**3 - 11 + 9*p. Calculate m(8).
1
Let t(y) be the first derivative of y**3/3 + 7*y**2/2 - 9*y + 81. Give t(-8).
-1
Let x(g) = g**3 - 3*g**2 - 6*g + 6. Suppose 0 = -99*i + 105*i - 24. What is x(i)?
-2
Suppose -4 = -5*o - 64. Let n(u) = u**2 + 14*u + 7. What is n(o)?
-17
Suppose -15*s + 42 = -18. Let v(w) = -w - 13*w**2 + s*w**2 + 4*w**2 + 3 + 4*w**2. Give v(0).
3
Let j(h) = -h + 5. Let f be 10 + (5 - 1 - (-4 + 8)). Determine j(f).
-5
Let m(j) = -4*j + 7. Suppose -4*s = -2*o + o + 10, -29 = -4*o + 5*s. Let r(f) = 3*f - 5. Let y(t) = o*r(t) + 4*m(t). Give y(-8).
-18
Let v = 327 - 323. Let r = -1 + 3. Let q(w) = 2*w - w + r - 4. Give q(v).
2
Let a(n) be the third derivative of -n**4/12 - n**3 - n**2. Let q be (-30 - -12) + 26 - 14. Give a(q).
6
Suppose -2*v + 4*t + 12 = 0, 0 = -4*v + 2*v + t. Let l(p) = p**3 + 6*p**2 + 3*p + 2. Let y(x) = -x**2. Let i(r) = -l(r) - 3*y(r). What is i(v)?
0
Let l(p) = 20 + 21 - p**2 + 25 - 67 + 3*p. Let i = -2 + 4. Calculate l(i)